{"id":11215,"date":"2025-07-24T16:03:56","date_gmt":"2025-07-24T13:03:56","guid":{"rendered":"https:\/\/franchisemore.com\/?page_id=11215"},"modified":"2025-07-24T16:04:51","modified_gmt":"2025-07-24T13:04:51","slug":"franchise-koclugu","status":"publish","type":"page","link":"https:\/\/franchisemore.com\/index.php\/franchise-alanlara\/franchise-koclugu\/","title":{"rendered":"Franchise ko\u00e7lu\u011fu"},"content":{"rendered":"\n<h2 class=\"wp-block-heading\">Ko\u00e7 giri\u015fimciye uygun i\u015fi bulur<\/h2>\n\n\n\n<p>Giri\u015fimci hayat\u0131nda ilk kez franchise alacaksa riskten ka\u00e7\u0131n\u0131r, uzmanlar\u0131n deneyiminden yararlan\u0131r.<\/p>\n\n\n\n<p><strong>Ko\u00e7luk y\u00f6ntemi<\/strong><\/p>\n\n\n\n<p>Ko\u00e7 piyasay\u0131, markalar\u0131, giri\u015fimcileri bilir, 4 ad\u0131mda giri\u015fimciyi i\u015fe haz\u0131rlar.<\/p>\n\n\n\n<ol class=\"wp-block-list\">\n<li>ad\u0131m: Giri\u015fimcilik testi, ki\u015filik testi ve 5N1K y\u00f6ntemiyle giri\u015fimcinin g\u00fc\u00e7l\u00fc ve zay\u0131f y\u00f6nlerini tan\u0131r, geli\u015fime a\u00e7\u0131k y\u00f6nlerini ve ka\u00e7\u0131nmas\u0131 gereken riskleri belirler.<\/li>\n\n\n\n<li>ad\u0131m- Giri\u015fimciyi hedefindeki i\u015f ve pazar hakk\u0131nda bilgilendirir, bilgiye dayanarak kendi karar\u0131n\u0131 verecek d\u00fczeye ta\u015f\u0131r.<\/li>\n\n\n\n<li>ad\u0131m- Giri\u015fimciyi i\u015f ve pazar ara\u015ft\u0131rmas\u0131nda y\u00f6nlendirir, do\u011fru bilgiye eri\u015fmesini sa\u011flar.<\/li>\n\n\n\n<li>ad\u0131m- \u0130\u015f se\u00e7eneklerini de\u011ferlendirir, f\u0131rsatlar\u0131 ve riskleri g\u00f6sterir. Giri\u015fimci hayat\u0131n\u0131 ba\u011flayaca\u011f\u0131 i\u015fini kendisi se\u00e7er.<\/li>\n<\/ol>\n\n\n\n<p><strong>Giri\u015fimcinin kazanc\u0131<\/strong><\/p>\n\n\n\n<p>Ko\u00e7luk alan giri\u015fimci, yanl\u0131\u015f se\u00e7imlerle paras\u0131n\u0131 ve zaman\u0131n\u0131 ziyan etmez, yar\u0131n devretmek i\u00e7in u\u011fra\u015faca\u011f\u0131 i\u015flere girmez. \u00d6nce kendini, sonra i\u015fi tan\u0131r. Kendine en uygun, becerece\u011fi, mutlu olaca\u011f\u0131 i\u015fi se\u00e7er, i\u015fe sar\u0131l\u0131rsa mutlaka kazan\u0131r. Giri\u015fimci ba\u015fkas\u0131n\u0131n kriterleriyle de\u011fil, kendi do\u011frular\u0131na uygun se\u00e7im yapar, se\u00e7ti\u011fi i\u015f a\u011f\u0131r gelmez.<\/p>\n\n\n\n<p><strong>5N 1K&nbsp;y\u00f6ntemi<\/strong><\/p>\n\n\n\n<p>\u25ba&nbsp;Giri\u015fimci&nbsp;ne&nbsp;istiyor&nbsp;(sekt\u00f6r, marka tercihi, deneyimi, becerisi, imkanlar\u0131, \u00e7evresi ne)<br>\u25ba&nbsp;Giri\u015fimi&nbsp;nerede&nbsp;yapmay\u0131 istiyor&nbsp;(yeri var m\u0131, nerede oturuyor, i\u015fli nerede olursa daha iyi y\u00f6netir, neredeki m\u00fc\u015fterileri iyi tan\u0131r, nereden uygun ko\u015fullarla yer bulabilir)<br>\u25ba&nbsp;Giri\u015fimi&nbsp;neden&nbsp;istiyor&nbsp;(kendi i\u015fini yapmaya mecbur mu, heves mi ediyor, h\u0131rs m\u0131 yapm\u0131\u015f)<br>\u25ba&nbsp;Giri\u015fimi&nbsp;nas\u0131l&nbsp;ger\u00e7ekle\u015ftirecek&nbsp;(paras\u0131 var m\u0131, kendi kontrol\u00fcnde mi, para yat\u0131ran ba\u015fkas\u0131ysa ne bekliyor, paras\u0131 haz\u0131r m\u0131, bor\u00e7 mu alacak, kredi mi alacak, ortak laz\u0131m m\u0131)<br>\u25ba&nbsp;\u0130\u015fe&nbsp;ne zaman&nbsp;ba\u015flayabilir&nbsp;(mevcut i\u015fi var m\u0131, orta\u011f\u0131 ile yapacaksa kim ne zaman i\u015fe kat\u0131lacak, yerin bo\u015falmas\u0131 gerekiyor mu, acelesi var m\u0131, beklemeye tahamm\u00fcl\u00fc var m\u0131)<br>\u25ba \u0130\u015fi kim y\u00f6netecek (giri\u015fimci i\u015fe ne kadar zaman ay\u0131rabilecek, bilgisi ve deneyimi yeterli olacak m\u0131, yard\u0131m alaca\u011f\u0131 kimseler var m\u0131, ailesi i\u015fin i\u00e7inde olacak m\u0131, orta\u011f\u0131 olacak m\u0131, y\u00f6neticileri elemanlar\u0131 haz\u0131r m\u0131, kolayca eleman bulabilir mi, g\u00fcvenebilece\u011fi elemanlar\u0131 var m\u0131)<\/p>\n","protected":false},"excerpt":{"rendered":"<p>Ko\u00e7 giri\u015fimciye uygun i\u015fi bulur Giri\u015fimci hayat\u0131nda ilk kez franchise alacaksa riskten ka\u00e7\u0131n\u0131r, uzmanlar\u0131n deneyiminden yararlan\u0131r. Ko\u00e7luk y\u00f6ntemi Ko\u00e7 piyasay\u0131, markalar\u0131, giri\u015fimcileri bilir, 4 ad\u0131mda giri\u015fimciyi i\u015fe haz\u0131rlar. Giri\u015fimcinin kazanc\u0131 Ko\u00e7luk alan giri\u015fimci, yanl\u0131\u015f se\u00e7imlerle paras\u0131n\u0131 ve zaman\u0131n\u0131 ziyan etmez, yar\u0131n devretmek i\u00e7in u\u011fra\u015faca\u011f\u0131 i\u015flere girmez. \u00d6nce kendini, sonra i\u015fi tan\u0131r. Kendine en uygun, becerece\u011fi,<\/p>\n","protected":false},"author":1,"featured_media":0,"parent":10674,"menu_order":7,"comment_status":"closed","ping_status":"closed","template":"","meta":{"_acf_changed":false,"footnotes":""},"class_list":["post-11215","page","type-page","status-publish","hentry"],"acf":[],"_links":{"self":[{"href":"https:\/\/franchisemore.com\/index.php\/wp-json\/wp\/v2\/pages\/11215","targetHints":{"allow":["GET"]}}],"collection":[{"href":"https:\/\/franchisemore.com\/index.php\/wp-json\/wp\/v2\/pages"}],"about":[{"href":"https:\/\/franchisemore.com\/index.php\/wp-json\/wp\/v2\/types\/page"}],"author":[{"embeddable":true,"href":"https:\/\/franchisemore.com\/index.php\/wp-json\/wp\/v2\/users\/1"}],"replies":[{"embeddable":true,"href":"https:\/\/franchisemore.com\/index.php\/wp-json\/wp\/v2\/comments?post=11215"}],"version-history":[{"count":1,"href":"https:\/\/franchisemore.com\/index.php\/wp-json\/wp\/v2\/pages\/11215\/revisions"}],"predecessor-version":[{"id":11216,"href":"https:\/\/franchisemore.com\/index.php\/wp-json\/wp\/v2\/pages\/11215\/revisions\/11216"}],"up":[{"embeddable":true,"href":"https:\/\/franchisemore.com\/index.php\/wp-json\/wp\/v2\/pages\/10674"}],"wp:attachment":[{"href":"https:\/\/franchisemore.com\/index.php\/wp-json\/wp\/v2\/media?parent=11215"}],"curies":[{"name":"wp","href":"https:\/\/api.w.org\/{rel}","templated":true}]}}