{"id":11207,"date":"2025-06-09T20:24:07","date_gmt":"2025-06-09T17:24:07","guid":{"rendered":"https:\/\/franchisemore.com\/?page_id=11207"},"modified":"2026-04-20T15:56:52","modified_gmt":"2026-04-20T12:56:52","slug":"girisimcilik-testleri","status":"publish","type":"page","link":"https:\/\/franchisemore.com\/index.php\/franchise-verenlere\/girisimcilik-testleri\/","title":{"rendered":"Giri\u015fimcilik testleri"},"content":{"rendered":"\n<h2 class=\"wp-block-heading\">Giri\u015fimcilik testleri<\/h2>\n\n\n\n<p>Franchise alan\u0131nda 30 y\u0131l\u0131 a\u015fk\u0131n deneyimimiz, bir\u00e7ok kez iyi niyet ve gayretle ba\u015flayan giri\u015fimlerin h\u00fcsranla sonu\u00e7land\u0131\u011f\u0131n\u0131 g\u00f6sterdi. Sadece \u00fclkemizde de\u011fil, t\u00fcm d\u00fcnyada giri\u015fimcilerin yar\u0131s\u0131 ilk be\u015f y\u0131lda bat\u0131yor. Sorun genelde giri\u015fimcinin a\u015f\u0131r\u0131 risk almas\u0131 ve kendine uygun olmayan i\u015fe girmesi. Tespitlerimiz a\u015fa\u011f\u0131daki gibi.<\/p>\n\n\n\n<ul class=\"wp-block-list\">\n<li><strong>Giri\u015fimci cesurdur<\/strong>, risk almaya haz\u0131rd\u0131r. \u0130\u015fine odaklan\u0131r, kendine odaklanmaz. Kald\u0131ramayaca\u011f\u0131 y\u00fck\u00fcn alt\u0131na girerse batar.<\/li>\n\n\n\n<li><strong>Giri\u015fimci \u00e7al\u0131\u015fkand\u0131r<\/strong>. \u0130\u015fi i\u00e7in sava\u015f\u0131r. \u0130\u015fin gerektirdi\u011fi niteliklere sahipse i\u015f ona e\u011flence gibi gelir, de\u011filse \u0131zd\u0131rap haline gelir. \u0130\u015fini severse ba\u015far\u0131r, sevmedi\u011fi i\u015fe girerse batar.<\/li>\n\n\n\n<li><strong>\u0130\u015fler birbirinden farkl\u0131d\u0131r<\/strong>. \u0130\u015fin ko\u015fullar\u0131, riskleri, kazan\u00e7lar\u0131, rekabet ortam\u0131, ba\u015far\u0131 i\u00e7in gereken nitelikleri belirler. Her i\u015fi herkes yapamaz, her i\u015f her ko\u015fulda kazand\u0131rmaz. Ama gere\u011fi gibi yap\u0131ld\u0131\u011f\u0131nda her i\u015f az veya \u00e7ok kazand\u0131r\u0131r.<\/li>\n<\/ul>\n\n\n\n<p><strong>Dan\u0131\u015fman <\/strong>olarak g\u00f6revimizi i\u015fi ve giri\u015fimciyi tan\u0131mak, i\u015fin gerektirdi\u011fi nitelikleri bilmek, giri\u015fimcide olup olmad\u0131\u011f\u0131n\u0131 anlamak, her giri\u015fimciye kendine uyan i\u015fi \u00f6nermek olarak tan\u0131ml\u0131yoruz.<\/p>\n\n\n\n<p><strong>Giri\u015fimcilik testleri<\/strong> uzmanlar\u0131m\u0131z taraf\u0131ndan geli\u015ftirildi. Giri\u015fimcinin i\u015f i\u00e7in \u00f6nem ta\u015f\u0131yan niteliklerini objektif kriterlerle belirliyor. Kimin hangi i\u015fi yaparsa ne derece ba\u015far\u0131l\u0131 olaca\u011f\u0131n\u0131 \u00f6ng\u00f6r\u00fcyor. \u0130\u015fi ve giri\u015fimciyi tan\u0131yan dan\u0131\u015fman taraf\u0131ndan uygulan\u0131yor.<\/p>\n\n\n\n<p>\u00d6zg\u00fcn testlerimizi giri\u015fimcilerin kendilerini tan\u0131malar\u0131n\u0131 kolayla\u015ft\u0131rmak i\u00e7in kullan\u0131ma a\u00e7t\u0131k. Ko\u00e7 test sonu\u00e7lar\u0131n\u0131 y\u00fczy\u00fcze g\u00f6r\u00fc\u015fme ile peki\u015ftirerek yorumlar, \u00f6neride bulunur. Giri\u015fiminin online yapaca\u011f\u0131 testlerin sonucunda \u00e7\u0131kan puanlar ve yorumlar karar vermek i\u00e7in de\u011fil, fikir vermek i\u00e7indir.<\/p>\n\n\n\n<ul class=\"wp-block-list\">\n<li>Uygunluk testi giri\u015fimcinin i\u015fteki rol\u00fcn\u00fc belirler. <\/li>\n\n\n\n<li>Fakt\u00f6r testleri giri\u015fimcinin ki\u015fili\u011finin i\u015fe uygunlu\u011fu belirler<\/li>\n\n\n\n<li>\u00c7evresel ko\u015fullar testi giri\u015fimcinin i\u015f yapma potansiyelini belirler <\/li>\n<\/ul>\n\n\n\n<p>Testleri sizden ne beklendi\u011fini, sizin ne istedi\u011finizi de\u011fil, <strong>sizin ne oldu\u011funuzu<\/strong> d\u00fc\u015f\u00fcnerek doldurun, ger\u00e7ek kapasitenizi g\u00f6r\u00fcn. Sonu\u00e7lar\u0131 ko\u00e7lar\u0131m\u0131za dan\u0131\u015fabilir, marka se\u00e7iminde ko\u00e7luk alabilirsiniz.<\/p>\n\n\n\n<p><strong><a href=\"https:\/\/franchise.com.tr\/girisimcilik-testi\"><mark style=\"background-color:#44ff00\" class=\"has-inline-color\">G\u0130R\u0130\u015e\u0130MC\u0130L\u0130K TESTLER\u0130<\/mark><\/a><\/strong><\/p>\n\n\n\n<p><\/p>\n","protected":false},"excerpt":{"rendered":"<p>Giri\u015fimcilik testleri Franchise alan\u0131nda 30 y\u0131l\u0131 a\u015fk\u0131n deneyimimiz, bir\u00e7ok kez iyi niyet ve gayretle ba\u015flayan giri\u015fimlerin h\u00fcsranla sonu\u00e7land\u0131\u011f\u0131n\u0131 g\u00f6sterdi. Sadece \u00fclkemizde de\u011fil, t\u00fcm d\u00fcnyada giri\u015fimcilerin yar\u0131s\u0131 ilk be\u015f y\u0131lda bat\u0131yor. Sorun genelde giri\u015fimcinin a\u015f\u0131r\u0131 risk almas\u0131 ve kendine uygun olmayan i\u015fe girmesi. Tespitlerimiz a\u015fa\u011f\u0131daki gibi. Dan\u0131\u015fman olarak g\u00f6revimizi i\u015fi ve giri\u015fimciyi tan\u0131mak, i\u015fin gerektirdi\u011fi nitelikleri<\/p>\n","protected":false},"author":1,"featured_media":0,"parent":10649,"menu_order":5,"comment_status":"closed","ping_status":"closed","template":"","meta":{"_acf_changed":false,"footnotes":""},"class_list":["post-11207","page","type-page","status-publish","hentry"],"acf":[],"_links":{"self":[{"href":"https:\/\/franchisemore.com\/index.php\/wp-json\/wp\/v2\/pages\/11207","targetHints":{"allow":["GET"]}}],"collection":[{"href":"https:\/\/franchisemore.com\/index.php\/wp-json\/wp\/v2\/pages"}],"about":[{"href":"https:\/\/franchisemore.com\/index.php\/wp-json\/wp\/v2\/types\/page"}],"author":[{"embeddable":true,"href":"https:\/\/franchisemore.com\/index.php\/wp-json\/wp\/v2\/users\/1"}],"replies":[{"embeddable":true,"href":"https:\/\/franchisemore.com\/index.php\/wp-json\/wp\/v2\/comments?post=11207"}],"version-history":[{"count":4,"href":"https:\/\/franchisemore.com\/index.php\/wp-json\/wp\/v2\/pages\/11207\/revisions"}],"predecessor-version":[{"id":11233,"href":"https:\/\/franchisemore.com\/index.php\/wp-json\/wp\/v2\/pages\/11207\/revisions\/11233"}],"up":[{"embeddable":true,"href":"https:\/\/franchisemore.com\/index.php\/wp-json\/wp\/v2\/pages\/10649"}],"wp:attachment":[{"href":"https:\/\/franchisemore.com\/index.php\/wp-json\/wp\/v2\/media?parent=11207"}],"curies":[{"name":"wp","href":"https:\/\/api.w.org\/{rel}","templated":true}]}}