{"id":10674,"date":"2025-02-01T22:16:38","date_gmt":"2025-02-01T22:16:38","guid":{"rendered":"https:\/\/franchisemore.com\/?page_id=10674"},"modified":"2025-02-02T18:45:57","modified_gmt":"2025-02-02T18:45:57","slug":"franchise-alanlara","status":"publish","type":"page","link":"https:\/\/franchisemore.com\/index.php\/franchise-alanlara\/","title":{"rendered":"FRANCHISE ALANLARA"},"content":{"rendered":"\n<p><strong>FRANCHISE ALANLARA F&amp;M H\u0130ZMETLER\u0130<\/strong><\/p>\n\n\n\n<p>T\u00fcm k\u00fc\u00e7\u00fck i\u015flerde ba\u015far\u0131, giri\u015fimcinin ki\u015fisel performans\u0131na ba\u011fl\u0131d\u0131r. Franchise zincirler denenmi\u015f, karl\u0131l\u0131\u011f\u0131 g\u00f6r\u00fclm\u00fc\u015f i\u015fler oldu\u011fu, yeri ve giri\u015fimciyi \u00f6zenle se\u00e7ti\u011fi i\u00e7in, batma oran\u0131 \u00e7ok d\u00fc\u015f\u00fckt\u00fcr. Franchise i\u015fler, d\u0131\u015fardan gelecek risklere kar\u015f\u0131 dayan\u0131kl\u0131d\u0131r. Ancak en b\u00fcy\u00fck risk giri\u015fimcinin kendisidir. Kendine uygun olmayan i\u015fe girmesi, y\u00fck\u00fcn\u00fc kald\u0131ramayaca\u011f\u0131 i\u015fe heves etmesi, en s\u0131k rastlanan ba\u015far\u0131s\u0131zl\u0131k nedenidir.<\/p>\n\n\n\n<ul class=\"wp-block-list\">\n<li>Herkes her i\u015fi yapamaz<\/li>\n\n\n\n<li>Her i\u015f herkese kazand\u0131rmaz<\/li>\n\n\n\n<li>Kendine uygun i\u015fi se\u00e7en kazan\u0131r<\/li>\n<\/ul>\n\n\n\n<p>F&amp;M 30 y\u0131l\u0131 a\u015fk\u0131n piyasa deneyimi ile giri\u015fimciyi tan\u0131r, uygun i\u015fleri \u00f6nerir. Franchise almak isteyen giri\u015fimciler F&amp;M\u2019den her a\u015famada, her konuda, her seviyede destek al\u0131r.<\/p>\n\n\n\n<p><strong>\u00dccretsiz dan\u0131\u015fmanl\u0131k<\/strong> alarak kendiniz i\u00e7in do\u011fru se\u00e7imi yapabilirsiniz<\/p>\n\n\n\n<ul class=\"wp-block-list\">\n<li>Bilgi kaynaklar\u0131m\u0131zdan kendinize uygun i\u015fi se\u00e7meyi \u00f6\u011frenirsiniz <\/li>\n\n\n\n<li>F&amp;M giri\u015fimcilik testiyle ne t\u00fcr i\u015flere yatk\u0131n oldu\u011funu anlars\u0131n\u0131z <\/li>\n\n\n\n<li>Temsilcilerimizden telefonla veya whatsapp ile destek al\u0131rs\u0131n\u0131z <\/li>\n\n\n\n<li>Temsil etti\u011fimiz zincir markalar hakk\u0131nda bilgi al\u0131rs\u0131n\u0131z L\u0130NK<\/li>\n<\/ul>\n\n\n\n<p><strong>Franchise ko\u00e7lu\u011fu<\/strong> alarak 4 ad\u0131mda kendiniz i\u00e7in en uygun i\u015fi se\u00e7ersiniz.<\/p>\n\n\n\n<figure class=\"wp-block-image size-full is-resized\"><img fetchpriority=\"high\" decoding=\"async\" width=\"525\" height=\"364\" src=\"https:\/\/franchisemore.com\/wp-content\/uploads\/2025\/02\/Girisimkocu-2-1.jpg\" alt=\"\" class=\"wp-image-10770\" style=\"width:275px;height:auto\" srcset=\"https:\/\/franchisemore.com\/wp-content\/uploads\/2025\/02\/Girisimkocu-2-1.jpg 525w, https:\/\/franchisemore.com\/wp-content\/uploads\/2025\/02\/Girisimkocu-2-1-300x208.jpg 300w, https:\/\/franchisemore.com\/wp-content\/uploads\/2025\/02\/Girisimkocu-2-1-360x250.jpg 360w\" sizes=\"(max-width: 525px) 100vw, 525px\" \/><\/figure>\n\n\n\n<ul class=\"wp-block-list\">\n<li><strong>Tan\u0131ma<\/strong>: 5N1K tekni\u011fimizle sizi tan\u0131r, giri\u015fimcilik testimizle g\u00fc\u00e7l\u00fc yanlar\u0131n\u0131z\u0131 anlar\u0131z<\/li>\n\n\n\n<li><strong>E\u011fitim<\/strong>: Franhise al\u0131rken, i\u015fi y\u00f6netirken dikkat edilecekleri, piyasadaki f\u0131rsat ve riskleri anlat\u0131r\u0131z.<\/li>\n\n\n\n<li><strong>Arama<\/strong>: Kendinize uygun sekt\u00f6r ve marka se\u00e7meniz i\u00e7in saha ara\u015ft\u0131rman\u0131z\u0131 y\u00f6nlendirir.<\/li>\n\n\n\n<li><strong>Se\u00e7im<\/strong>: Birlikte de\u011ferlendirir, uygunluk \u015fablonu ile puanlar\u0131z, i\u015finizi siz se\u00e7ersiniz.<\/li>\n\n\n\n<li>Ko\u00e7 g\u00f6r\u00fc\u015fme ve yer se\u00e7iminde deneyimi ile size destek olur, yol g\u00f6sterir.<\/li>\n<\/ul>\n\n\n\n<p><strong>\u0130\u015fletme ko\u00e7lu\u011fu <\/strong>alarak<strong> <\/strong>m\u00fcstakil i\u015fletmenizde franchise y\u00f6netim tekniklerinden yararlanabilir, ciro ve kar\u0131n\u0131z\u0131 art\u0131rabilirsiniz.&nbsp; F&amp;M i\u015fletme ko\u00e7u 3 ila 6 ay s\u00fcreyle haftal\u0131k ziyaretlerle destek verir, i\u015fyeri sahibini ve \u00e7al\u0131\u015fanlar\u0131 y\u00f6nlendirir.<\/p>\n\n\n\n<ul class=\"wp-block-list\">\n<li><strong>Y\u00f6netim teknikleri<\/strong> kapsam\u0131nda sat\u0131\u015f ve maliyet izleme, bina ve ekipman kullan\u0131m\u0131, para y\u00f6netimi, yasal y\u00fck\u00fcml\u00fcl\u00fckler, i\u015fletme riskleri, g\u00fcvenlik konular\u0131 i\u015flenir.<\/li>\n\n\n\n<li><strong>\u0130\u015fletme teknikleri<\/strong> kapsam\u0131nda verim art\u0131rma, yerel pazarlama, paket servis, personel se\u00e7imi ve y\u00f6netimi, e\u011fitim ve oryantasyon, tedarik\u00e7i ili\u015fkileri, denetim ve raporlama konular\u0131 i\u015flenir.<\/li>\n<\/ul>\n","protected":false},"excerpt":{"rendered":"<p>FRANCHISE ALANLARA F&amp;M H\u0130ZMETLER\u0130 T\u00fcm k\u00fc\u00e7\u00fck i\u015flerde ba\u015far\u0131, giri\u015fimcinin ki\u015fisel performans\u0131na ba\u011fl\u0131d\u0131r. Franchise zincirler denenmi\u015f, karl\u0131l\u0131\u011f\u0131 g\u00f6r\u00fclm\u00fc\u015f i\u015fler oldu\u011fu, yeri ve giri\u015fimciyi \u00f6zenle se\u00e7ti\u011fi i\u00e7in, batma oran\u0131 \u00e7ok d\u00fc\u015f\u00fckt\u00fcr. Franchise i\u015fler, d\u0131\u015fardan gelecek risklere kar\u015f\u0131 dayan\u0131kl\u0131d\u0131r. Ancak en b\u00fcy\u00fck risk giri\u015fimcinin kendisidir. Kendine uygun olmayan i\u015fe girmesi, y\u00fck\u00fcn\u00fc kald\u0131ramayaca\u011f\u0131 i\u015fe heves etmesi, en s\u0131k rastlanan<\/p>\n","protected":false},"author":1,"featured_media":0,"parent":0,"menu_order":3,"comment_status":"closed","ping_status":"closed","template":"","meta":{"_acf_changed":false,"footnotes":""},"class_list":["post-10674","page","type-page","status-publish","hentry"],"acf":[],"_links":{"self":[{"href":"https:\/\/franchisemore.com\/index.php\/wp-json\/wp\/v2\/pages\/10674","targetHints":{"allow":["GET"]}}],"collection":[{"href":"https:\/\/franchisemore.com\/index.php\/wp-json\/wp\/v2\/pages"}],"about":[{"href":"https:\/\/franchisemore.com\/index.php\/wp-json\/wp\/v2\/types\/page"}],"author":[{"embeddable":true,"href":"https:\/\/franchisemore.com\/index.php\/wp-json\/wp\/v2\/users\/1"}],"replies":[{"embeddable":true,"href":"https:\/\/franchisemore.com\/index.php\/wp-json\/wp\/v2\/comments?post=10674"}],"version-history":[{"count":5,"href":"https:\/\/franchisemore.com\/index.php\/wp-json\/wp\/v2\/pages\/10674\/revisions"}],"predecessor-version":[{"id":11092,"href":"https:\/\/franchisemore.com\/index.php\/wp-json\/wp\/v2\/pages\/10674\/revisions\/11092"}],"wp:attachment":[{"href":"https:\/\/franchisemore.com\/index.php\/wp-json\/wp\/v2\/media?parent=10674"}],"curies":[{"name":"wp","href":"https:\/\/api.w.org\/{rel}","templated":true}]}}