{"id":10652,"date":"2025-02-01T21:52:27","date_gmt":"2025-02-01T21:52:27","guid":{"rendered":"https:\/\/franchisemore.com\/?page_id=10652"},"modified":"2026-04-20T15:53:19","modified_gmt":"2026-04-20T12:53:19","slug":"kurulus-oncesi-arastirma","status":"publish","type":"page","link":"https:\/\/franchisemore.com\/index.php\/franchise-verenlere\/kurulus-oncesi-arastirma\/","title":{"rendered":"F&amp;M hizmetleri"},"content":{"rendered":"\n<p><strong>Kurulu\u015f \u00f6ncesi verilen hizmetler<\/strong><\/p>\n\n\n\n<ul class=\"wp-block-list\">\n<li><strong>A0: F&amp;M Destek<\/strong> haftal\u0131k g\u00f6r\u00fc\u015fmelerle firma sahibini b\u00fcy\u00fcmeye haz\u0131rlar.<\/li>\n\n\n\n<li><strong>A1: Uygunluk Analizi<\/strong> firman\u0131n verece\u011fi bilgilerle i\u015fin franchise vermeye uygun olup olmad\u0131\u011f\u0131n\u0131 raporlar.<\/li>\n\n\n\n<li><strong>A2: Strateji Geli\u015ftirme<\/strong> firmay\u0131 ve pazar\u0131 ara\u015ft\u0131r\u0131r, mutab\u0131k kal\u0131nan stratejiyi ve b\u00fct\u00e7eyi raporlar.<\/li>\n\n\n\n<li><strong>A3: Konsept Geli\u015ftirme<\/strong> firman\u0131n i\u015fletme konseptini franchise vermeye uygun hale getirir.<\/li>\n\n\n\n<li><strong>A4: Altyap\u0131 Kurulu\u015fu<\/strong> franchise verebilecek kadroyu ve tedarik\u00e7ileri bulur, firmay\u0131 yay\u0131lmaya haz\u0131rlar. <\/li>\n\n\n\n<li><strong>A5:Masterfranchise Alma<\/strong> sekt\u00f6r\u00fc, markalar\u0131, i\u00e7 pazara uyumunu ara\u015ft\u0131r\u0131r, pazarl\u0131kta destek verir.<\/li>\n<\/ul>\n\n\n\n<p><strong>Sistem kurma s\u00fcreci<\/strong>nde verilen hizmetler<\/p>\n\n\n\n<ul class=\"wp-block-list\">\n<li><strong>K1: Franchise Pazarlama<\/strong> franchise anla\u015fmas\u0131n\u0131 ve bro\u015f\u00fcr\u00fcn\u00fc haz\u0131rlar, aday, b\u00f6lge ve yer se\u00e7im kriterlerini belirler.<\/li>\n\n\n\n<li><strong>K2: El Kitaplar\u0131 <\/strong>i\u015fletme prosed\u00fcrlerini belirler, merkezin, y\u00f6netimin, ekibin el kitaplar\u0131n\u0131 haz\u0131rlar.<\/li>\n\n\n\n<li><strong>K3: E\u011fitim ve Denetim<\/strong> e\u011fitim ve denetim y\u00f6netimi belirler, i\u00e7erik olu\u015fturur, ekibi kurar, i\u015fi ba\u015flat\u0131r. <\/li>\n\n\n\n<li><strong>K4: Merkezi ve Yerel Tan\u0131t\u0131m<\/strong> \u00fclkesel reklam fonu y\u00f6netimi, yerel tan\u0131t\u0131m ve kampanya teknikleri tan\u0131mlan\u0131r.<\/li>\n<\/ul>\n\n\n\n<p><strong>\u0130\u015fletme s\u00fcresince verilen hizmetler<\/strong><\/p>\n\n\n\n<ul class=\"wp-block-list\">\n<li><strong>F1: Exclusive sat\u0131\u015f<\/strong> franchise sat\u0131\u015f\u0131n\u0131 tamamen \u00fcstlenir, t\u00fcm adaylar\u0131 inceler, se\u00e7er, \u00f6nerir, firma onaylar.<\/li>\n\n\n\n<li><strong>F2: Nonexclusive sat\u0131\u015f<\/strong> kendine ba\u015fvuran uygun adaylar\u0131 firmaya y\u00f6nlendirir, firma onaylar.<\/li>\n\n\n\n<li><strong>F3: Masterfranchise sat\u0131\u015f <\/strong>yurtd\u0131\u015f\u0131nda uygun aday bulur, ko\u015fullar\u0131 \u00f6nerir, firma onaylar.<\/li>\n\n\n\n<li><strong>F4: Devir arac\u0131l\u0131\u011f\u0131<\/strong> \u00e7al\u0131\u015fan i\u015fletmeleri devralacak uygun adaylar\u0131 bulur, firma onaylar.<\/li>\n\n\n\n<li><strong>F5: Devir analizi<\/strong> \u00e7al\u0131\u015fan i\u015fletmelerin devir bedelini belirler, raporlar.<\/li>\n\n\n\n<li><strong>F6: Giri\u015fimcilik testi<\/strong> franchise alan adaylar\u0131n\u0131 de\u011ferlendirir, raporlar.<\/li>\n\n\n\n<li><strong>L1: Yer kiralama<\/strong> firman\u0131n ihtiyac\u0131na uygun yerleri bulur, \u00f6nerir.<\/li>\n\n\n\n<li><strong>L2: AVM kiralama<\/strong> i\u015fe uygun al\u0131\u015fveri\u015f merkezlerinde yer bulur, \u00f6nerir.<\/li>\n\n\n\n<li><strong>L3: Yer analizi<\/strong> belli bir yerin i\u015f potansiyelini ve de\u011ferini raporlar.<\/li>\n\n\n\n<li><strong>L4: Yay\u0131lma plan\u0131<\/strong> \u00fclke genelinde nerelerde yer almas\u0131 gerekti\u011fini raporlar.<\/li>\n<\/ul>\n\n\n\n<p><strong><a href=\"https:\/\/franchisemore.com\/wp-content\/uploads\/2025\/02\/Form113-2021-02-FVhizmetler.pdf\"><mark style=\"background-color:#20ff00\" class=\"has-inline-color has-primary-color\">F&amp;M hizmet tan\u0131t\u0131m\u0131<\/mark><\/a><\/strong><\/p>\n\n\n\n<p><\/p>\n\n\n\n<p><\/p>\n","protected":false},"excerpt":{"rendered":"<p>Kurulu\u015f \u00f6ncesi verilen hizmetler Sistem kurma s\u00fcrecinde verilen hizmetler \u0130\u015fletme s\u00fcresince verilen hizmetler F&amp;M hizmet tan\u0131t\u0131m\u0131<\/p>\n","protected":false},"author":1,"featured_media":0,"parent":10649,"menu_order":1,"comment_status":"closed","ping_status":"closed","template":"","meta":{"_acf_changed":false,"footnotes":""},"class_list":["post-10652","page","type-page","status-publish","hentry"],"acf":[],"_links":{"self":[{"href":"https:\/\/franchisemore.com\/index.php\/wp-json\/wp\/v2\/pages\/10652","targetHints":{"allow":["GET"]}}],"collection":[{"href":"https:\/\/franchisemore.com\/index.php\/wp-json\/wp\/v2\/pages"}],"about":[{"href":"https:\/\/franchisemore.com\/index.php\/wp-json\/wp\/v2\/types\/page"}],"author":[{"embeddable":true,"href":"https:\/\/franchisemore.com\/index.php\/wp-json\/wp\/v2\/users\/1"}],"replies":[{"embeddable":true,"href":"https:\/\/franchisemore.com\/index.php\/wp-json\/wp\/v2\/comments?post=10652"}],"version-history":[{"count":7,"href":"https:\/\/franchisemore.com\/index.php\/wp-json\/wp\/v2\/pages\/10652\/revisions"}],"predecessor-version":[{"id":11242,"href":"https:\/\/franchisemore.com\/index.php\/wp-json\/wp\/v2\/pages\/10652\/revisions\/11242"}],"up":[{"embeddable":true,"href":"https:\/\/franchisemore.com\/index.php\/wp-json\/wp\/v2\/pages\/10649"}],"wp:attachment":[{"href":"https:\/\/franchisemore.com\/index.php\/wp-json\/wp\/v2\/media?parent=10652"}],"curies":[{"name":"wp","href":"https:\/\/api.w.org\/{rel}","templated":true}]}}