{"id":10643,"date":"2025-02-01T21:46:01","date_gmt":"2025-02-01T21:46:01","guid":{"rendered":"https:\/\/franchisemore.com\/?page_id=10643"},"modified":"2025-02-02T17:40:09","modified_gmt":"2025-02-02T17:40:09","slug":"cozum-ortaklarimiz","status":"publish","type":"page","link":"https:\/\/franchisemore.com\/index.php\/hakkimizda\/cozum-ortaklarimiz\/","title":{"rendered":"\u00c7\u00f6z\u00fcm ortaklar\u0131m\u0131z"},"content":{"rendered":"\n<p><strong>F&amp;M \u00c7\u00d6Z\u00dcM ORTAKLARI<\/strong><\/p>\n\n\n\n<p><strong><a href=\"http:\/\/www.ufrad.org.tr\">UFRAD Franchising Derne\u011fi<\/a><\/strong> \u2013 T\u00fcrkiye\u2019de franchise sekt\u00f6r\u00fcn\u00fcn \u00e7at\u0131 kurulu\u015fu<\/p>\n\n\n\n<p><strong><a href=\"https:\/\/franchisedunyasi.com\/\">Franchise D\u00fcnyas\u0131 Dergisi<\/a><\/strong> \u2013 UFRAD yay\u0131n organ\u0131<\/p>\n\n\n\n<p><strong><a href=\"http:\/\/www.franchising.market\">franchising.market<\/a> <\/strong>&#8211; 24 \u00fclkede franchise uzmanlar\u0131 eliyle dan\u0131\u015fmanl\u0131k, tan\u0131t\u0131m ve sat\u0131\u015f hizmeti veren portal<\/p>\n\n\n\n<p><strong><a href=\"http:\/\/www.novagroupholding.com\/\">Nova Group Holding<\/a> <\/strong>\u2013 bir\u00e7ok \u00fclkede franchise yoluyla oturum ve vatanda\u015fl\u0131k alma ve gayrimenkul hizmetleri veren kurulu\u015f<\/p>\n\n\n\n<p><\/p>\n","protected":false},"excerpt":{"rendered":"<p>F&amp;M \u00c7\u00d6Z\u00dcM ORTAKLARI UFRAD Franchising Derne\u011fi \u2013 T\u00fcrkiye\u2019de franchise sekt\u00f6r\u00fcn\u00fcn \u00e7at\u0131 kurulu\u015fu Franchise D\u00fcnyas\u0131 Dergisi \u2013 UFRAD yay\u0131n organ\u0131 franchising.market &#8211; 24 \u00fclkede franchise uzmanlar\u0131 eliyle dan\u0131\u015fmanl\u0131k, tan\u0131t\u0131m ve sat\u0131\u015f hizmeti veren portal Nova Group Holding \u2013 bir\u00e7ok \u00fclkede franchise yoluyla oturum ve vatanda\u015fl\u0131k alma ve gayrimenkul hizmetleri veren kurulu\u015f<\/p>\n","protected":false},"author":1,"featured_media":0,"parent":10614,"menu_order":5,"comment_status":"closed","ping_status":"closed","template":"","meta":{"_acf_changed":false,"footnotes":""},"class_list":["post-10643","page","type-page","status-publish","hentry"],"acf":[],"_links":{"self":[{"href":"https:\/\/franchisemore.com\/index.php\/wp-json\/wp\/v2\/pages\/10643","targetHints":{"allow":["GET"]}}],"collection":[{"href":"https:\/\/franchisemore.com\/index.php\/wp-json\/wp\/v2\/pages"}],"about":[{"href":"https:\/\/franchisemore.com\/index.php\/wp-json\/wp\/v2\/types\/page"}],"author":[{"embeddable":true,"href":"https:\/\/franchisemore.com\/index.php\/wp-json\/wp\/v2\/users\/1"}],"replies":[{"embeddable":true,"href":"https:\/\/franchisemore.com\/index.php\/wp-json\/wp\/v2\/comments?post=10643"}],"version-history":[{"count":4,"href":"https:\/\/franchisemore.com\/index.php\/wp-json\/wp\/v2\/pages\/10643\/revisions"}],"predecessor-version":[{"id":10953,"href":"https:\/\/franchisemore.com\/index.php\/wp-json\/wp\/v2\/pages\/10643\/revisions\/10953"}],"up":[{"embeddable":true,"href":"https:\/\/franchisemore.com\/index.php\/wp-json\/wp\/v2\/pages\/10614"}],"wp:attachment":[{"href":"https:\/\/franchisemore.com\/index.php\/wp-json\/wp\/v2\/media?parent=10643"}],"curies":[{"name":"wp","href":"https:\/\/api.w.org\/{rel}","templated":true}]}}